 - 63. Suppose t + 2 - 1 = 0, -t + 209 = o*y. What is the units digit of y?
2
Suppose 186*i + 30100 = 196*i. What is the hundreds digit of i?
0
Suppose 0 = -4*b + 3*p + 8602, 0 = 10*b - 12*b + 4*p + 4296. What is the tens digit of b?
5
Let o(y) = -18*y**3 + y**2 + y + 1. Suppose 0 = -5*t + 20, -t = 2*q + 2*t - 10. What is the units digit of o(q)?
9
Let l(b) = -7*b + 7. Let u be l(-12). Suppose -2*f + u + 5 = 0. What is the tens digit of f?
4
Let m(z) = -2*z + 20. Let l be m(9). Suppose -7*f = -l*f - 335. What is the tens digit of f?
6
Suppose -7*x = 7*x - 3304. Suppose -564 = -4*k + x. What is the tens digit of k?
0
Let i(d) = -402*d + 5. Let x be i(-1). Suppose 4*w + 103 = j, 0 = 4*j + w - x - 39. What is the units digit of j?
1
Let g(m) = 208*m + 34. What is the units digit of g(4)?
6
Let n(m) = -m**2 + 20*m - 33. Let x be n(18). Suppose -x*r + 20 = -112. What is the units digit of r?
4
Let z = 0 - -5. Suppose -w + 4 = c, 3*c - z*w = -c + 7. What is the units digit of 3*(-5)/c*-5?
5
Suppose -541*s + 533*s = -1104. Suppose 6*c = 2*c - 268. Let g = s + c. What is the tens digit of g?
7
Let k = 34 - -489. What is the units digit of k?
3
Suppose -23*v + 25*v - 3*k = 4505, 3*v = -3*k + 6795. What is the thousands digit of v?
2
Let x(h) = 60*h**2 + h + 2. Suppose -3 = -3*a + y - 2, 0 = -2*y - 8. What is the units digit of x(a)?
1
Let m(f) be the second derivative of f**4/12 - 7*f**3/6 + 8*f**2 + 8*f. What is the hundreds digit of m(18)?
2
Suppose -2*i + 144 = -2552. What is the thousands digit of i?
1
Let o be 437/152 + 1/8. Let h be (-1)/((-39)/(-40) + -1). Suppose 3*c - h = -q, 2*c - 72 = -3*c - o*q. What is the tens digit of c?
1
Let d be 81/12 - 3/4. Suppose 5*y - 10 = 0, 3*u + d = 3*y - 0*y. Suppose 0*f + 4*f - 128 = u. What is the units digit of f?
2
Let l(j) be the second derivative of 2*j**4/3 + j**3/6 + j**2 - 12*j. What is the tens digit of l(3)?
7
Suppose -4*u = 5*p - 1455, 7*p + 4*u + 610 = 9*p. What is the tens digit of p?
9
Suppose 0 = -2*l - 4*w + 6, -2*l + 7*w = 3*w + 2. Let a(n) = -2*n - 5. Let x be a(-4). Let j = x + l. What is the units digit of j?
4
Let g(w) = 10*w - 10. Let o be g(6). Suppose -o - 33 = -a. Let j = a - 52. What is the tens digit of j?
3
Let q = 110 - 96. Let n(c) = 14*c + 7. What is the hundreds digit of n(q)?
2
Let a = 72 + -69. Suppose 94 = 2*q - a*r, 4*q - 204 = r + r. What is the units digit of q?
3
Let w = -1096 + 1501. What is the units digit of w?
5
Let g be 6/15 + (-132)/(-20). Let o(u) = -u**3 + 7*u**2 - u + 6. Let n be o(g). What is the units digit of n/2*(2 - 6)?
2
Let i be (-473)/22*(2 - 0). Let m = i - -72. What is the units digit of m?
9
Let o be (3/(-6))/((-3)/(-48)). Let j(m) = -m**3 - 10*m**2 - 15*m + 11. What is the units digit of j(o)?
3
Let w be (-4)/((-6)/(1 + 2)). Suppose 2 = 2*q + w*t, 3*q = -t - 3*t - 1. What is the units digit of 18/q*(6 + 4)?
6
Let u = -37 + 37. Suppose 4*d + b + 523 = -u*b, 3*b = -9. Let s = d + 186. What is the tens digit of s?
5
Let g(z) = -7*z - 1. Let j be g(14). Let i = j - -267. What is the units digit of i?
8
Suppose 10*g = -7*g + 34. What is the units digit of g?
2
Suppose 2*t = -3*a + 185, -4*t + 0*t + 2*a + 410 = 0. Suppose 0 = 2*i - i - t. What is the hundreds digit of i?
1
Let k = 160 + -8. Suppose -8*o - k = -12*o. What is the tens digit of o?
3
Let h(m) = m**2 + 8*m + 7. Let g be 20/(-3) + (-6)/18. Let z be h(g). Suppose 2*c - 40 = -z*c. What is the tens digit of c?
2
Let y(c) = c**2 - 11*c + 13. Let t be y(9). What is the units digit of t/(5/(-43))*1?
3
Let m(r) = -r**3 + 28*r**2 + 46*r - 35. What is the units digit of m(26)?
3
Let f = 145 + 431. What is the hundreds digit of f?
5
Let p = -13 + 9. Let d be (-4 - -1)/(3/p). Suppose 0 = -d*x + 120 - 16. What is the units digit of x?
6
Let k = 2 - 2. Suppose k = -r + 1 + 7. What is the units digit of (28/r - 3)*12?
6
Let s(o) = o + 10. Let i(k) = -k - 9. Let y(j) = -5*i(j) - 4*s(j). Let w be y(0). Let u(n) = n**3 - 6*n**2 + 7*n - 5. What is the units digit of u(w)?
5
Let n(j) = -5*j**2 + 7*j - 13. Let x(f) = -16*f**2 + 22*f - 38. Let r(q) = -10*n(q) + 3*x(q). What is the tens digit of r(5)?
4
Let a = -5 + 28. Let l(f) = 6*f + 14. Let p be l(-4). Let y = p + a. What is the tens digit of y?
1
What is the tens digit of (-4)/(-2) + (-275)/(-5)?
5
Suppose -o + 7177 = 4*f, 3*f - 3593 = f - 5*o. What is the tens digit of f?
9
Suppose -233 = 2*z - 3*z - 4*f, -4*f = -8. What is the tens digit of z?
2
What is the units digit of 4948/6 - (8/3 + -2)?
4
Suppose -3*o = -10*o + 14. Suppose -66 = -o*c + 60. What is the tens digit of c?
6
Suppose -14*y + 8*y + 7260 = 0. What is the thousands digit of y?
1
Suppose 12 + 19 = -g. Let q = 52 + g. What is the units digit of q?
1
Let t(o) = 1. Let x(a) = a**3 - 4*a**2 - 5*a - 1. Let j(n) = -t(n) - x(n). Let y be j(5). Suppose 5*s - 6 - 14 = y. What is the units digit of s?
4
Let z = -600 - -900. What is the units digit of z?
0
Suppose -4*f - 3*j = f - 563, 0 = -4*j + 4. Suppose -f = 3*o - 7*o. What is the tens digit of o?
2
Let s(p) = 4*p**3 + 12*p**2 + 9*p + 12. Let v(a) = -a**3 + a + 1. Let f(x) = s(x) + 3*v(x). What is the units digit of f(-11)?
4
Suppose -2*n - 8 = -0*n. Let g = 1 - n. Suppose 2*f = -4 + 2, -g*v + 5*f = -90. What is the tens digit of v?
1
Let a(x) = 41*x**2 + 55*x**2 + 5*x - 6*x + 0 - 1. What is the units digit of a(-1)?
6
Suppose f - 2*x - 419 = 235, 0 = -4*x + 12. What is the tens digit of f?
6
Let w = 14 - 13. Let b be (8/(-32))/(w/(-404)). Suppose -5*u + b = -114. What is the units digit of u?
3
Let p = 57 + -109. Let u = p - -57. What is the units digit of u?
5
Suppose -1808*k + 1814*k = 3426. What is the tens digit of k?
7
Suppose 890 = 3*b - 1303. What is the tens digit of b?
3
Let q(j) = 50*j**3 - 5*j**2 + 4*j. Let m be q(3). Suppose 3*c - 792 = -3*v, -6*c = -c + 2*v - m. What is the tens digit of c?
6
Let a(b) = b**2 - 9*b + 3. Suppose -4*y + 3*o + 44 = -4, 5*y = -2*o + 37. Let q be a(y). Suppose -2*z + 18 = k + q*k, 0 = 2*k. What is the units digit of z?
9
Suppose -l + 5*b + 1796 = 0, 5*b + 3922 + 1436 = 3*l. What is the units digit of l/65 - 4/10?
7
Let f = 1646 - 246. What is the tens digit of f?
0
Let w(o) = -12*o + 7 - 5*o**2 + 2*o**3 + 6 - 7. What is the tens digit of w(5)?
7
Suppose -14 = t - 17. Suppose j - t*f - 174 = 0, 2*f = j - 3*f - 180. What is the units digit of j?
5
Suppose -11 + 101 = 5*t. Suppose 4*x + 3 = 5*c, -2*x - 5*c = -3*x + t. Let h = 12 + x. What is the units digit of h?
5
Let n = -56 - -58. Suppose -n = -0*c - c, -3*z + c = -49. What is the units digit of z?
7
Let a(q) = -146*q + 3. Let x be a(1). Let p = -90 - x. What is the tens digit of p?
5
Suppose 0 = 9*k - 3*k + 42. What is the units digit of (-405)/k - (-1)/7?
8
Let f be 205/6 + (-5)/30. Suppose -2*h + f = -0*h. What is the tens digit of h?
1
Suppose 2*p - 9550 = -22*y + 18*y, -3*p - 7185 = -3*y. What is the units digit of y?
0
Let h = -1038 + 2067. Suppose 16*j - h = 1195. What is the units digit of j?
9
Let s = -93 + 94. What is the tens digit of 2 - -109*s - (-2 + 3)?
1
Let b(l) = 4*l**2 + 2*l - 2. Suppose 5*v - 35 = 3*a, 0 = -4*v + 8 + 8. Let o be b(a). Suppose -5*q + o = -3*q. What is the tens digit of q?
4
Let t be 4/(3/((-3)/(-2))). Let f(i) = 4 - 3 - i + 12*i**2 - 9*i**2. What is the units digit of f(t)?
1
Suppose -43*t + 12 = -46*t. Let g(d) = -d**3 + 0*d - 7*d - 4 - 1 - 4*d**2. What is the tens digit of g(t)?
2
Let j(l) = 111*l - 340. What is the units digit of j(37)?
7
Let c = 17 - 25. Let r = c - -31. What is the tens digit of r?
2
Let i(y) = -143*y**3 - y**2 + 1. Let l(n) = 3*n + 38. Let p be l(-13). What is the hundreds digit of i(p)?
1
Suppose 4*v - 1 = 11. Let a be (2 - 7) + 2*2 + -1. Let j = v + a. What is the units digit of j?
1
Suppose 11*y + 943 = 173. Let a = 160 + y. What is the units digit of a?
0
Suppose -5*f = 4*k - 8226, 0 = 4*f - 0 - 8. What is the units digit of k?
4
Suppose 2*j + k - 1417 = 0, 989 = 4*j - k - 1830. What is the tens digit of j?
0
Suppose 0 = b - q - 5, -7 = -4*b + q + 25. Suppose -66 = -5*f + b. Let k = 10 + f. What is the tens digit of k?
2
Let x(g) = -2*g**3 - 20*g**2 + 17*g - 20. What is the tens digit of x(-13)?
7
Suppose 5*o + 10 = 0, -1448 = -4*y + 2*o - 0*o. Let n = -34 + y. What is the hundreds digit of n?
3
